{"id":201,"date":"2017-12-21T12:40:42","date_gmt":"2017-12-21T11:40:42","guid":{"rendered":"http:\/\/jack-gondry.be\/?page_id=201"},"modified":"2019-01-22T20:05:10","modified_gmt":"2019-01-22T19:05:10","slug":"festivites-75e","status":"publish","type":"page","link":"https:\/\/jack-gondry.be\/index.php\/festivites-75e\/","title":{"rendered":"Festivit\u00e9s du 75e anniversaire"},"content":{"rendered":"<p><strong>18 Novembre 2017<\/strong><\/p>\n<p>Coup d&rsquo;envoi des festivit\u00e9s du 75e anniversaire de l&rsquo;orchestre. <em>Jack Gondry and his New Music<\/em>, sous la direction de Jean-Jacques Gondry, a donn\u00e9 au Waux-Hall de Nivelles un inoubliable <strong><em>&rsquo;75th Birthday Party Concert&rsquo;<\/em><\/strong> en compagnie du groupe <em>Big Noise<\/em>.<\/p>\n<p>\u00a0<\/p>\n<p><strong>1e D\u00e9cembre 2018<\/strong><\/p>\n<p>Pour cl\u00f4turer les festivit\u00e9s, l\u2019orchestre vous a propos\u00e9 un concert <strong><em>\u2018Jack Gondry at the Movies\u2019<\/em><\/strong>, sous forme d\u2019hommage \u00e0 la musique de jazz dans le cin\u00e9ma.<\/p>\n\n\n<p><\/p>\n","protected":false},"excerpt":{"rendered":"<p>18 Novembre 2017 Coup d&rsquo;envoi des festivit\u00e9s du 75e anniversaire de l&rsquo;orchestre. Jack Gondry and his New Music, sous la direction de Jean-Jacques Gondry, a donn\u00e9 au Waux-Hall de Nivelles un inoubliable &rsquo;75th Birthday Party Concert&rsquo; en compagnie du groupe Big Noise. \u00a0 1e D\u00e9cembre 2018 Pour cl\u00f4turer les festivit\u00e9s, l\u2019orchestre vous a propos\u00e9 un &hellip; <\/p>\n<p class=\"link-more\"><a href=\"https:\/\/jack-gondry.be\/index.php\/festivites-75e\/\" class=\"more-link\">Continuer la lecture<span class=\"screen-reader-text\"> de &laquo;&nbsp;Festivit\u00e9s du 75e anniversaire&nbsp;&raquo;<\/span><\/a><\/p>\n","protected":false},"author":2,"featured_media":205,"parent":0,"menu_order":0,"comment_status":"closed","ping_status":"closed","template":"","meta":{"footnotes":""},"_links":{"self":[{"href":"https:\/\/jack-gondry.be\/index.php\/wp-json\/wp\/v2\/pages\/201"}],"collection":[{"href":"https:\/\/jack-gondry.be\/index.php\/wp-json\/wp\/v2\/pages"}],"about":[{"href":"https:\/\/jack-gondry.be\/index.php\/wp-json\/wp\/v2\/types\/page"}],"author":[{"embeddable":true,"href":"https:\/\/jack-gondry.be\/index.php\/wp-json\/wp\/v2\/users\/2"}],"replies":[{"embeddable":true,"href":"https:\/\/jack-gondry.be\/index.php\/wp-json\/wp\/v2\/comments?post=201"}],"version-history":[{"count":5,"href":"https:\/\/jack-gondry.be\/index.php\/wp-json\/wp\/v2\/pages\/201\/revisions"}],"predecessor-version":[{"id":242,"href":"https:\/\/jack-gondry.be\/index.php\/wp-json\/wp\/v2\/pages\/201\/revisions\/242"}],"wp:featuredmedia":[{"embeddable":true,"href":"https:\/\/jack-gondry.be\/index.php\/wp-json\/wp\/v2\/media\/205"}],"wp:attachment":[{"href":"https:\/\/jack-gondry.be\/index.php\/wp-json\/wp\/v2\/media?parent=201"}],"curies":[{"name":"wp","href":"https:\/\/api.w.org\/{rel}","templated":true}]}}