{"id":332,"date":"2021-07-24T17:03:19","date_gmt":"2021-07-24T15:03:19","guid":{"rendered":"https:\/\/jack-gondry.be\/?page_id=332"},"modified":"2025-05-19T12:30:53","modified_gmt":"2025-05-19T10:30:53","slug":"soft-winds","status":"publish","type":"page","link":"https:\/\/jack-gondry.be\/index.php\/soft-winds\/","title":{"rendered":"Soft Winds"},"content":{"rendered":"\n<p>Soft Winds est la petite formation issue du big band. Elle propose un r\u00e9pertoire jazz vari\u00e9 et \u00e9clectique. Elle se compose d&rsquo;une section rythmique et d&rsquo;un ou deux souffleurs. Ce nombre r\u00e9duit de musiciens et l&rsquo;autonomie en mat\u00e9riel en font la formation id\u00e9ale pour jouer sur de petites sc\u00e8nes, animer des soir\u00e9es dans des lieux plus intimistes ou agr\u00e9menter des \u00e9v\u00e9nements familiaux.<\/p>\n\n\n\n<p>N&rsquo;h\u00e9sitez pas \u00e0 nous contacter par email: info [at] jack-gondry.be<\/p>\n\n\n\n<figure class=\"wp-block-gallery has-nested-images columns-default is-cropped wp-block-gallery-1 is-layout-flex wp-block-gallery-is-layout-flex\">\n<figure class=\"wp-block-image\"><a href=\"https:\/\/jack-gondry.be\/wp-content\/uploads\/2021\/07\/sw0-scaled.jpg\"><img loading=\"lazy\" decoding=\"async\" width=\"1024\" height=\"576\" data-id=\"334\" src=\"https:\/\/jack-gondry.be\/wp-content\/uploads\/2021\/07\/sw0-1024x576.jpg\" alt=\"\" class=\"wp-image-334\" srcset=\"https:\/\/jack-gondry.be\/wp-content\/uploads\/2021\/07\/sw0-1024x576.jpg 1024w, https:\/\/jack-gondry.be\/wp-content\/uploads\/2021\/07\/sw0-300x169.jpg 300w, https:\/\/jack-gondry.be\/wp-content\/uploads\/2021\/07\/sw0-768x432.jpg 768w, https:\/\/jack-gondry.be\/wp-content\/uploads\/2021\/07\/sw0-1536x864.jpg 1536w, https:\/\/jack-gondry.be\/wp-content\/uploads\/2021\/07\/sw0-2048x1152.jpg 2048w\" sizes=\"(max-width: 706px) 89vw, (max-width: 767px) 82vw, 740px\" \/><\/a><\/figure>\n\n\n\n<figure class=\"wp-block-image\"><a href=\"https:\/\/jack-gondry.be\/wp-content\/uploads\/2021\/07\/sw1-scaled.jpg\"><img loading=\"lazy\" decoding=\"async\" width=\"1024\" height=\"685\" data-id=\"335\" src=\"https:\/\/jack-gondry.be\/wp-content\/uploads\/2021\/07\/sw1-1024x685.jpg\" alt=\"\" class=\"wp-image-335\" srcset=\"https:\/\/jack-gondry.be\/wp-content\/uploads\/2021\/07\/sw1-1024x685.jpg 1024w, https:\/\/jack-gondry.be\/wp-content\/uploads\/2021\/07\/sw1-300x201.jpg 300w, https:\/\/jack-gondry.be\/wp-content\/uploads\/2021\/07\/sw1-768x514.jpg 768w, https:\/\/jack-gondry.be\/wp-content\/uploads\/2021\/07\/sw1-1536x1028.jpg 1536w, https:\/\/jack-gondry.be\/wp-content\/uploads\/2021\/07\/sw1-2048x1371.jpg 2048w\" sizes=\"(max-width: 706px) 89vw, (max-width: 767px) 82vw, 740px\" \/><\/a><\/figure>\n\n\n\n<figure class=\"wp-block-image\"><a href=\"https:\/\/jack-gondry.be\/wp-content\/uploads\/2021\/07\/sw2-scaled.jpg\"><img loading=\"lazy\" decoding=\"async\" width=\"1024\" height=\"685\" data-id=\"336\" src=\"https:\/\/jack-gondry.be\/wp-content\/uploads\/2021\/07\/sw2-1024x685.jpg\" alt=\"\" class=\"wp-image-336\" srcset=\"https:\/\/jack-gondry.be\/wp-content\/uploads\/2021\/07\/sw2-1024x685.jpg 1024w, https:\/\/jack-gondry.be\/wp-content\/uploads\/2021\/07\/sw2-300x201.jpg 300w, https:\/\/jack-gondry.be\/wp-content\/uploads\/2021\/07\/sw2-768x514.jpg 768w, https:\/\/jack-gondry.be\/wp-content\/uploads\/2021\/07\/sw2-1536x1028.jpg 1536w, https:\/\/jack-gondry.be\/wp-content\/uploads\/2021\/07\/sw2-2048x1371.jpg 2048w\" sizes=\"(max-width: 706px) 89vw, (max-width: 767px) 82vw, 740px\" \/><\/a><\/figure>\n\n\n\n<figure class=\"wp-block-image\"><a href=\"https:\/\/jack-gondry.be\/wp-content\/uploads\/2021\/07\/sw3-scaled.jpg\"><img loading=\"lazy\" decoding=\"async\" width=\"1024\" height=\"683\" data-id=\"337\" src=\"https:\/\/jack-gondry.be\/wp-content\/uploads\/2021\/07\/sw3-1024x683.jpg\" alt=\"\" class=\"wp-image-337\" srcset=\"https:\/\/jack-gondry.be\/wp-content\/uploads\/2021\/07\/sw3-1024x683.jpg 1024w, https:\/\/jack-gondry.be\/wp-content\/uploads\/2021\/07\/sw3-300x200.jpg 300w, https:\/\/jack-gondry.be\/wp-content\/uploads\/2021\/07\/sw3-768x512.jpg 768w, https:\/\/jack-gondry.be\/wp-content\/uploads\/2021\/07\/sw3-1536x1024.jpg 1536w, https:\/\/jack-gondry.be\/wp-content\/uploads\/2021\/07\/sw3-2048x1365.jpg 2048w\" sizes=\"(max-width: 706px) 89vw, (max-width: 767px) 82vw, 740px\" \/><\/a><\/figure>\n\n\n\n<figure class=\"wp-block-image\"><a href=\"https:\/\/jack-gondry.be\/wp-content\/uploads\/2021\/07\/sw4-scaled.jpg\"><img loading=\"lazy\" decoding=\"async\" width=\"1024\" height=\"683\" data-id=\"338\" src=\"https:\/\/jack-gondry.be\/wp-content\/uploads\/2021\/07\/sw4-1024x683.jpg\" alt=\"\" class=\"wp-image-338\" srcset=\"https:\/\/jack-gondry.be\/wp-content\/uploads\/2021\/07\/sw4-1024x683.jpg 1024w, https:\/\/jack-gondry.be\/wp-content\/uploads\/2021\/07\/sw4-300x200.jpg 300w, https:\/\/jack-gondry.be\/wp-content\/uploads\/2021\/07\/sw4-768x512.jpg 768w, https:\/\/jack-gondry.be\/wp-content\/uploads\/2021\/07\/sw4-1536x1024.jpg 1536w, https:\/\/jack-gondry.be\/wp-content\/uploads\/2021\/07\/sw4-2048x1365.jpg 2048w\" sizes=\"(max-width: 706px) 89vw, (max-width: 767px) 82vw, 740px\" \/><\/a><\/figure>\n\n\n\n<figure class=\"wp-block-image\"><a href=\"https:\/\/jack-gondry.be\/wp-content\/uploads\/2021\/07\/sw5-scaled.jpg\"><img loading=\"lazy\" decoding=\"async\" width=\"1024\" height=\"683\" data-id=\"346\" src=\"https:\/\/jack-gondry.be\/wp-content\/uploads\/2021\/07\/sw5-1024x683.jpg\" alt=\"\" class=\"wp-image-346\" srcset=\"https:\/\/jack-gondry.be\/wp-content\/uploads\/2021\/07\/sw5-1024x683.jpg 1024w, https:\/\/jack-gondry.be\/wp-content\/uploads\/2021\/07\/sw5-300x200.jpg 300w, https:\/\/jack-gondry.be\/wp-content\/uploads\/2021\/07\/sw5-768x512.jpg 768w, https:\/\/jack-gondry.be\/wp-content\/uploads\/2021\/07\/sw5-1536x1024.jpg 1536w, https:\/\/jack-gondry.be\/wp-content\/uploads\/2021\/07\/sw5-2048x1365.jpg 2048w\" sizes=\"(max-width: 706px) 89vw, (max-width: 767px) 82vw, 740px\" \/><\/a><\/figure>\n<figcaption class=\"blocks-gallery-caption wp-element-caption\">Les photos du mariage sont de Yves Schepers<\/figcaption><\/figure>\n","protected":false},"excerpt":{"rendered":"<p>Soft Winds est la petite formation issue du big band. Elle propose un r\u00e9pertoire jazz vari\u00e9 et \u00e9clectique. Elle se compose d&rsquo;une section rythmique et d&rsquo;un ou deux souffleurs. Ce nombre r\u00e9duit de musiciens et l&rsquo;autonomie en mat\u00e9riel en font la formation id\u00e9ale pour jouer sur de petites sc\u00e8nes, animer des soir\u00e9es dans des lieux &hellip; <\/p>\n<p class=\"link-more\"><a href=\"https:\/\/jack-gondry.be\/index.php\/soft-winds\/\" class=\"more-link\">Continuer la lecture<span class=\"screen-reader-text\"> de &laquo;&nbsp;Soft Winds&nbsp;&raquo;<\/span><\/a><\/p>\n","protected":false},"author":2,"featured_media":0,"parent":0,"menu_order":0,"comment_status":"closed","ping_status":"closed","template":"","meta":{"footnotes":""},"_links":{"self":[{"href":"https:\/\/jack-gondry.be\/index.php\/wp-json\/wp\/v2\/pages\/332"}],"collection":[{"href":"https:\/\/jack-gondry.be\/index.php\/wp-json\/wp\/v2\/pages"}],"about":[{"href":"https:\/\/jack-gondry.be\/index.php\/wp-json\/wp\/v2\/types\/page"}],"author":[{"embeddable":true,"href":"https:\/\/jack-gondry.be\/index.php\/wp-json\/wp\/v2\/users\/2"}],"replies":[{"embeddable":true,"href":"https:\/\/jack-gondry.be\/index.php\/wp-json\/wp\/v2\/comments?post=332"}],"version-history":[{"count":8,"href":"https:\/\/jack-gondry.be\/index.php\/wp-json\/wp\/v2\/pages\/332\/revisions"}],"predecessor-version":[{"id":417,"href":"https:\/\/jack-gondry.be\/index.php\/wp-json\/wp\/v2\/pages\/332\/revisions\/417"}],"wp:attachment":[{"href":"https:\/\/jack-gondry.be\/index.php\/wp-json\/wp\/v2\/media?parent=332"}],"curies":[{"name":"wp","href":"https:\/\/api.w.org\/{rel}","templated":true}]}}